Dec 02 00:32:11.187 INFO testing anurse/warthog against master#8940af3cea4a9a9deabcaf843b2f8cad9a83fc61 for beta-1.31-5
Dec 02 00:32:11.187 INFO running `"docker" "create" "-v" "/mnt/big/crater/work/local/target-dirs/beta-1.31-5/worker-2/master#8940af3cea4a9a9deabcaf843b2f8cad9a83fc61:/target:rw,Z" "-v" "/mnt/big/crater/work/local/test-source/worker-2/beta-1.31-5/master#8940af3cea4a9a9deabcaf843b2f8cad9a83fc61:/source:ro,Z" "-v" "/mnt/big/crater/work/local/cargo-home:/cargo-home:ro,Z" "-v" "/mnt/big/crater/work/local/rustup-home:/rustup-home:ro,Z" "-e" "USER_ID=1000" "-e" "SOURCE_DIR=/source" "-e" "USER_ID=1000" "-e" "CMD=cargo +8940af3cea4a9a9deabcaf843b2f8cad9a83fc61-alt build --frozen" "-e" "CARGO_TARGET_DIR=/target" "-e" "CARGO_INCREMENTAL=0" "-e" "RUST_BACKTRACE=full" "-e" "RUSTFLAGS=--cap-lints=warn" "-e" "CARGO_HOME=/cargo-home" "-e" "RUSTUP_HOME=/rustup-home" "-m" "1536M" "--network" "none" "crater"`
Dec 02 00:32:11.641 INFO [stdout] abddc3ffdcca9eb3bea13b13583a20effd47b75ded0ecad4d43df7a5cf04c546
Dec 02 00:32:11.648 INFO running `"docker" "start" "-a" "abddc3ffdcca9eb3bea13b13583a20effd47b75ded0ecad4d43df7a5cf04c546"`
Dec 02 00:32:12.698 INFO [stderr] usermod: no changes
Dec 02 00:32:12.775 INFO [stderr]    Compiling leb128 v0.2.3
Dec 02 00:32:13.579 INFO [stderr]    Compiling warthog v0.1.0 (/source)
Dec 02 00:32:22.004 INFO [stderr]     Finished dev [unoptimized + debuginfo] target(s) in 9.28s
Dec 02 00:32:22.010 INFO [stderr] su: No module specific data is present
Dec 02 00:32:22.335 INFO running `"docker" "inspect" "abddc3ffdcca9eb3bea13b13583a20effd47b75ded0ecad4d43df7a5cf04c546"`
Dec 02 00:32:22.406 INFO running `"docker" "rm" "-f" "abddc3ffdcca9eb3bea13b13583a20effd47b75ded0ecad4d43df7a5cf04c546"`
Dec 02 00:32:22.491 INFO [stdout] abddc3ffdcca9eb3bea13b13583a20effd47b75ded0ecad4d43df7a5cf04c546
Dec 02 00:32:22.492 INFO running `"docker" "create" "-v" "/mnt/big/crater/work/local/target-dirs/beta-1.31-5/worker-2/master#8940af3cea4a9a9deabcaf843b2f8cad9a83fc61:/target:rw,Z" "-v" "/mnt/big/crater/work/local/test-source/worker-2/beta-1.31-5/master#8940af3cea4a9a9deabcaf843b2f8cad9a83fc61:/source:ro,Z" "-v" "/mnt/big/crater/work/local/cargo-home:/cargo-home:ro,Z" "-v" "/mnt/big/crater/work/local/rustup-home:/rustup-home:ro,Z" "-e" "USER_ID=1000" "-e" "SOURCE_DIR=/source" "-e" "USER_ID=1000" "-e" "CMD=cargo +8940af3cea4a9a9deabcaf843b2f8cad9a83fc61-alt test --frozen --no-run" "-e" "CARGO_TARGET_DIR=/target" "-e" "CARGO_INCREMENTAL=0" "-e" "RUST_BACKTRACE=full" "-e" "RUSTFLAGS=--cap-lints=warn" "-e" "CARGO_HOME=/cargo-home" "-e" "RUSTUP_HOME=/rustup-home" "-m" "1536M" "--network" "none" "crater"`
Dec 02 00:32:22.634 INFO [stdout] 18242b3c2fa66f8943ad384197c00c531661e56dc1c5a96d5333e8b5c3718492
Dec 02 00:32:22.636 INFO running `"docker" "start" "-a" "18242b3c2fa66f8943ad384197c00c531661e56dc1c5a96d5333e8b5c3718492"`
Dec 02 00:32:23.074 INFO [stderr] usermod: no changes
Dec 02 00:32:23.107 INFO [stderr]    Compiling warthog v0.1.0 (/source)
Dec 02 00:32:33.375 INFO [stderr]     Finished dev [unoptimized + debuginfo] target(s) in 10.28s
Dec 02 00:32:33.375 INFO [stderr] su: No module specific data is present
Dec 02 00:32:33.968 INFO running `"docker" "inspect" "18242b3c2fa66f8943ad384197c00c531661e56dc1c5a96d5333e8b5c3718492"`
Dec 02 00:32:34.243 INFO running `"docker" "rm" "-f" "18242b3c2fa66f8943ad384197c00c531661e56dc1c5a96d5333e8b5c3718492"`
Dec 02 00:32:34.495 INFO [stdout] 18242b3c2fa66f8943ad384197c00c531661e56dc1c5a96d5333e8b5c3718492
Dec 02 00:32:34.497 INFO running `"docker" "create" "-v" "/mnt/big/crater/work/local/target-dirs/beta-1.31-5/worker-2/master#8940af3cea4a9a9deabcaf843b2f8cad9a83fc61:/target:rw,Z" "-v" "/mnt/big/crater/work/local/test-source/worker-2/beta-1.31-5/master#8940af3cea4a9a9deabcaf843b2f8cad9a83fc61:/source:ro,Z" "-v" "/mnt/big/crater/work/local/cargo-home:/cargo-home:ro,Z" "-v" "/mnt/big/crater/work/local/rustup-home:/rustup-home:ro,Z" "-e" "USER_ID=1000" "-e" "SOURCE_DIR=/source" "-e" "USER_ID=1000" "-e" "CMD=cargo +8940af3cea4a9a9deabcaf843b2f8cad9a83fc61-alt test --frozen" "-e" "CARGO_TARGET_DIR=/target" "-e" "CARGO_INCREMENTAL=0" "-e" "RUST_BACKTRACE=full" "-e" "RUSTFLAGS=--cap-lints=warn" "-e" "CARGO_HOME=/cargo-home" "-e" "RUSTUP_HOME=/rustup-home" "-m" "1536M" "--network" "none" "crater"`
Dec 02 00:32:34.984 INFO [stdout] 54f9073752750c8d531c1d37c96b5ffe1318961f98d005029916f81181756773
Dec 02 00:32:34.986 INFO running `"docker" "start" "-a" "54f9073752750c8d531c1d37c96b5ffe1318961f98d005029916f81181756773"`
Dec 02 00:32:35.866 INFO [stderr] usermod: no changes
Dec 02 00:32:35.914 INFO [stderr]     Finished dev [unoptimized + debuginfo] target(s) in 0.02s
Dec 02 00:32:35.939 INFO [stderr]      Running /target/debug/deps/warthog-c92906c238090619
Dec 02 00:32:35.942 INFO [stdout] 
Dec 02 00:32:35.942 INFO [stdout] running 150 tests
Dec 02 00:32:35.945 INFO [stdout] test parser::command::test::error_empty_sexpr ... ok
Dec 02 00:32:35.945 INFO [stdout] test parser::instruction::tests::complex_fold ... ok
Dec 02 00:32:35.945 INFO [stdout] test parser::func::tests::named_locals ... ok
Dec 02 00:32:35.945 INFO [stdout] test parser::instruction::tests::call ... ok
Dec 02 00:32:35.972 INFO [stdout] test parser::func::tests::simple_exported_func ... ok
Dec 02 00:32:35.972 INFO [stdout] test parser::command::test::error_bare_int ... ok
Dec 02 00:32:35.996 INFO [stdout] test parser::assert::tests::assert_return_get ... ok
Dec 02 00:32:35.996 INFO [stdout] test parser::instruction::tests::extend_u ... ok
Dec 02 00:32:35.996 INFO [stdout] test parser::instruction::tests::extend_s ... ok
Dec 02 00:32:35.996 INFO [stdout] test parser::instruction::tests::demote ... ok
Dec 02 00:32:35.996 INFO [stdout] test parser::instruction::tests::f64_reinterpet ... ok
Dec 02 00:32:35.996 INFO [stdout] test parser::instruction::tests::f32_reinterpet ... ok
Dec 02 00:32:35.996 INFO [stdout] test parser::instruction::tests::float32::abs ... ok
Dec 02 00:32:35.996 INFO [stdout] test parser::assert::tests::assert_return_invoke ... ok
Dec 02 00:32:35.996 INFO [stdout] test parser::instruction::tests::float32::copysign ... ok
Dec 02 00:32:35.996 INFO [stdout] test parser::instruction::tests::float32::convert_u_i64 ... ok
Dec 02 00:32:35.997 INFO [stdout] test parser::instruction::tests::float32::convert_u_i32 ... ok
Dec 02 00:32:35.997 INFO [stdout] test parser::instruction::tests::float32::convert_s_i64 ... ok
Dec 02 00:32:35.997 INFO [stdout] test parser::instruction::tests::float32::div ... ok
Dec 02 00:32:35.997 INFO [stdout] test parser::instruction::tests::float32::floor ... ok
Dec 02 00:32:35.997 INFO [stdout] test parser::instruction::tests::float32::eq ... ok
Dec 02 00:32:35.998 INFO [stdout] test parser::instruction::tests::float32::constant ... ok
Dec 02 00:32:35.998 INFO [stdout] test parser::instruction::tests::float32::ceil ... ok
Dec 02 00:32:35.998 INFO [stdout] test parser::instruction::tests::float32::gt ... ok
Dec 02 00:32:35.998 INFO [stdout] test parser::instruction::tests::float32::le ... ok
Dec 02 00:32:35.998 INFO [stdout] test parser::instruction::tests::float32::add ... ok
Dec 02 00:32:35.999 INFO [stdout] test parser::instruction::tests::float32::convert_s_i32 ... ok
Dec 02 00:32:35.999 INFO [stdout] test parser::instruction::tests::float32::ne ... ok
Dec 02 00:32:35.999 INFO [stdout] test parser::instruction::tests::float32::max ... ok
Dec 02 00:32:35.999 INFO [stdout] test parser::instruction::tests::float32::nearest ... ok
Dec 02 00:32:35.999 INFO [stdout] test parser::instruction::tests::float32::neg ... ok
Dec 02 00:32:36.000 INFO [stdout] test parser::instruction::tests::float32::sub ... ok
Dec 02 00:32:36.000 INFO [stdout] test parser::instruction::tests::float32::trunc ... ok
Dec 02 00:32:36.000 INFO [stdout] test parser::instruction::tests::float32::mul ... ok
Dec 02 00:32:36.000 INFO [stdout] test parser::instruction::tests::float32::sqrt ... ok
Dec 02 00:32:36.000 INFO [stdout] test parser::instruction::tests::float32::min ... ok
Dec 02 00:32:36.000 INFO [stdout] test parser::instruction::tests::float32::lt ... ok
Dec 02 00:32:36.000 INFO [stdout] test parser::instruction::tests::float64::convert_s_i64 ... ok
Dec 02 00:32:36.004 INFO [stdout] test parser::instruction::tests::float64::convert_s_i32 ... ok
Dec 02 00:32:36.004 INFO [stdout] test parser::instruction::tests::float64::convert_u_i32 ... ok
Dec 02 00:32:36.004 INFO [stdout] test parser::instruction::tests::float64::abs ... ok
Dec 02 00:32:36.004 INFO [stdout] test parser::instruction::tests::float64::add ... ok
Dec 02 00:32:36.004 INFO [stdout] test parser::instruction::tests::float64::ceil ... ok
Dec 02 00:32:36.004 INFO [stdout] test parser::instruction::tests::float32::ge ... ok
Dec 02 00:32:36.004 INFO [stdout] test parser::instruction::tests::float64::constant ... ok
Dec 02 00:32:36.005 INFO [stdout] test parser::instruction::tests::float64::eq ... ok
Dec 02 00:32:36.005 INFO [stdout] test parser::instruction::tests::float64::div ... ok
Dec 02 00:32:36.005 INFO [stdout] test parser::instruction::tests::float64::copysign ... ok
Dec 02 00:32:36.005 INFO [stdout] test parser::instruction::tests::float64::lt ... ok
Dec 02 00:32:36.005 INFO [stdout] test parser::instruction::tests::float64::ge ... ok
Dec 02 00:32:36.005 INFO [stdout] test parser::instruction::tests::float64::gt ... ok
Dec 02 00:32:36.005 INFO [stdout] test parser::instruction::tests::float64::le ... ok
Dec 02 00:32:36.005 INFO [stdout] test parser::instruction::tests::float64::floor ... ok
Dec 02 00:32:36.005 INFO [stdout] test parser::instruction::tests::float64::max ... ok
Dec 02 00:32:36.005 INFO [stdout] test parser::instruction::tests::float64::mul ... ok
Dec 02 00:32:36.006 INFO [stdout] test parser::instruction::tests::float64::ne ... ok
Dec 02 00:32:36.006 INFO [stdout] test parser::instruction::tests::float64::nearest ... ok
Dec 02 00:32:36.006 INFO [stdout] test parser::instruction::tests::float64::min ... ok
Dec 02 00:32:36.006 INFO [stdout] test parser::instruction::tests::float64::convert_u_i64 ... ok
Dec 02 00:32:36.006 INFO [stdout] test parser::instruction::tests::float64::sqrt ... ok
Dec 02 00:32:36.007 INFO [stdout] test parser::instruction::tests::float64::sub ... ok
Dec 02 00:32:36.007 INFO [stdout] test parser::instruction::tests::float64::trunc ... ok
Dec 02 00:32:36.007 INFO [stdout] test parser::instruction::tests::folded_call ... ok
Dec 02 00:32:36.007 INFO [stdout] test parser::instruction::tests::get_local ... ok
Dec 02 00:32:36.007 INFO [stdout] test parser::instruction::tests::int32::add ... ok
Dec 02 00:32:36.007 INFO [stdout] test parser::instruction::tests::float64::neg ... ok
Dec 02 00:32:36.007 INFO [stdout] test parser::instruction::tests::i64_reinterpet ... ok
Dec 02 00:32:36.007 INFO [stdout] test parser::instruction::tests::int32::clz ... ok
Dec 02 00:32:36.015 INFO [stdout] test parser::instruction::tests::int32::and ... ok
Dec 02 00:32:36.016 INFO [stdout] test parser::instruction::tests::int32::ctz ... ok
Dec 02 00:32:36.016 INFO [stdout] test parser::instruction::tests::int32::div_u ... ok
Dec 02 00:32:36.016 INFO [stdout] test parser::instruction::tests::int32::eq ... ok
Dec 02 00:32:36.016 INFO [stdout] test parser::instruction::tests::int32::div_s ... ok
Dec 02 00:32:36.016 INFO [stdout] test parser::instruction::tests::int32::constant ... ok
Dec 02 00:32:36.016 INFO [stdout] test parser::instruction::tests::i32_reinterpet ... ok
Dec 02 00:32:36.016 INFO [stdout] test parser::instruction::tests::int32::ge_s ... ok
Dec 02 00:32:36.016 INFO [stdout] test parser::instruction::tests::int32::gt_u ... ok
Dec 02 00:32:36.016 INFO [stdout] test parser::instruction::tests::int32::gt_s ... ok
Dec 02 00:32:36.016 INFO [stdout] test parser::instruction::tests::int32::le_s ... ok
Dec 02 00:32:36.017 INFO [stdout] test parser::instruction::tests::int32::le_u ... ok
Dec 02 00:32:36.019 INFO [stdout] test parser::instruction::tests::int32::popcnt ... ok
Dec 02 00:32:36.019 INFO [stdout] test parser::instruction::tests::int32::ge_u ... ok
Dec 02 00:32:36.043 INFO [stdout] test parser::instruction::tests::int32::mul ... ok
Dec 02 00:32:36.043 INFO [stdout] test parser::instruction::tests::int32::lt_s ... ok
Dec 02 00:32:36.043 INFO [stdout] test parser::instruction::tests::int32::lt_u ... ok
Dec 02 00:32:36.043 INFO [stdout] test parser::instruction::tests::int32::or ... ok
Dec 02 00:32:36.043 INFO [stdout] test parser::instruction::tests::int32::rem_s ... ok
Dec 02 00:32:36.043 INFO [stdout] test parser::instruction::tests::int32::ne ... ok
Dec 02 00:32:36.043 INFO [stdout] test parser::instruction::tests::int32::rem_u ... ok
Dec 02 00:32:36.043 INFO [stdout] test parser::instruction::tests::int32::rotl ... ok
Dec 02 00:32:36.043 INFO [stdout] test parser::instruction::tests::int32::rotr ... ok
Dec 02 00:32:36.043 INFO [stdout] test parser::instruction::tests::int32::shl ... ok
Dec 02 00:32:36.043 INFO [stdout] test parser::instruction::tests::int32::sub ... ok
Dec 02 00:32:36.043 INFO [stdout] test parser::instruction::tests::int32::trunc_s_f32 ... ok
Dec 02 00:32:36.043 INFO [stdout] test parser::instruction::tests::int32::trunc_s_f64 ... ok
Dec 02 00:32:36.043 INFO [stdout] test parser::instruction::tests::int32::trunc_u_f64 ... ok
Dec 02 00:32:36.043 INFO [stdout] test parser::instruction::tests::int32::xor ... ok
Dec 02 00:32:36.043 INFO [stdout] test parser::instruction::tests::int64::constant ... ok
Dec 02 00:32:36.043 INFO [stdout] test parser::instruction::tests::int64::clz ... ok
Dec 02 00:32:36.043 INFO [stdout] test parser::instruction::tests::int64::and ... ok
Dec 02 00:32:36.043 INFO [stdout] test parser::instruction::tests::int64::add ... ok
Dec 02 00:32:36.043 INFO [stdout] test parser::instruction::tests::int64::ctz ... ok
Dec 02 00:32:36.043 INFO [stdout] test parser::instruction::tests::int64::div_s ... ok
Dec 02 00:32:36.043 INFO [stdout] test parser::instruction::tests::int64::div_u ... ok
Dec 02 00:32:36.043 INFO [stdout] test parser::instruction::tests::int64::eq ... ok
Dec 02 00:32:36.043 INFO [stdout] test parser::instruction::tests::int64::ge_s ... ok
Dec 02 00:32:36.043 INFO [stdout] test parser::instruction::tests::int64::ge_u ... ok
Dec 02 00:32:36.043 INFO [stdout] test parser::instruction::tests::int64::gt_s ... ok
Dec 02 00:32:36.043 INFO [stdout] test parser::instruction::tests::int64::gt_u ... ok
Dec 02 00:32:36.043 INFO [stdout] test parser::instruction::tests::int64::le_s ... ok
Dec 02 00:32:36.043 INFO [stdout] test parser::instruction::tests::int64::le_u ... ok
Dec 02 00:32:36.043 INFO [stdout] test parser::instruction::tests::int64::lt_s ... ok
Dec 02 00:32:36.043 INFO [stdout] test parser::instruction::tests::int64::lt_u ... ok
Dec 02 00:32:36.043 INFO [stdout] test parser::instruction::tests::int64::mul ... ok
Dec 02 00:32:36.043 INFO [stdout] test parser::instruction::tests::int64::ne ... ok
Dec 02 00:32:36.043 INFO [stdout] test parser::instruction::tests::int64::or ... ok
Dec 02 00:32:36.043 INFO [stdout] test parser::instruction::tests::int64::popcnt ... ok
Dec 02 00:32:36.043 INFO [stdout] test parser::instruction::tests::int64::rem_s ... ok
Dec 02 00:32:36.043 INFO [stdout] test parser::instruction::tests::int64::rem_u ... ok
Dec 02 00:32:36.043 INFO [stdout] test parser::instruction::tests::int64::rotl ... ok
Dec 02 00:32:36.043 INFO [stdout] test parser::instruction::tests::int64::shl ... ok
Dec 02 00:32:36.043 INFO [stdout] test parser::instruction::tests::int64::shr_s ... ok
Dec 02 00:32:36.043 INFO [stdout] test parser::instruction::tests::int64::shr_u ... ok
Dec 02 00:32:36.043 INFO [stdout] test parser::instruction::tests::int32::shr_u ... ok
Dec 02 00:32:36.044 INFO [stdout] test parser::instruction::tests::int32::shr_s ... ok
Dec 02 00:32:36.044 INFO [stdout] test parser::instruction::tests::int32::trunc_u_f32 ... ok
Dec 02 00:32:36.044 INFO [stdout] test parser::instruction::tests::int64::sub ... ok
Dec 02 00:32:36.044 INFO [stdout] test parser::instruction::tests::int64::xor ... ok
Dec 02 00:32:36.044 INFO [stdout] test parser::instruction::tests::int64::trunc_u_f64 ... ok
Dec 02 00:32:36.051 INFO [stdout] test parser::instruction::tests::named_get_local ... ok
Dec 02 00:32:36.051 INFO [stdout] test parser::instruction::tests::int64::trunc_s_f32 ... ok
Dec 02 00:32:36.051 INFO [stdout] test parser::instruction::tests::int64::trunc_s_f64 ... ok
Dec 02 00:32:36.051 INFO [stdout] test parser::instruction::tests::int64::trunc_u_f32 ... ok
Dec 02 00:32:36.051 INFO [stdout] test parser::instruction::tests::promote ... ok
Dec 02 00:32:36.051 INFO [stdout] test parser::instruction::tests::wrap ... ok
Dec 02 00:32:36.059 INFO [stdout] test parser::instruction::tests::int64::rotr ... ok
Dec 02 00:32:36.059 INFO [stdout] test parser::sexpr::tests::error_line_comment ... ok
Dec 02 00:32:36.059 INFO [stdout] test parser::sexpr::tests::error_start_char ... ok
Dec 02 00:32:36.059 INFO [stdout] test parser::sexpr::tests::error_block_comment ... ok
Dec 02 00:32:36.059 INFO [stdout] test parser::module::tests::empty_module ... ok
Dec 02 00:32:36.059 INFO [stdout] test parser::sexpr::tests::error_expr ... ok
Dec 02 00:32:36.059 INFO [stdout] test parser::sexpr::tests::error_string ... ok
Dec 02 00:32:36.059 INFO [stdout] test parser::sexpr::tests::exprs ... ok
Dec 02 00:32:36.059 INFO [stdout] test parser::sexpr::tests::single_token_float ... ok
Dec 02 00:32:36.059 INFO [stdout] test parser::sexpr::tests::single_token_atom ... ok
Dec 02 00:32:36.059 INFO [stdout] test parser::sexpr::tests::single_expr_int ... ok
Dec 02 00:32:36.059 INFO [stdout] test parser::sexpr::tests::line_comments ... ok
Dec 02 00:32:36.059 INFO [stdout] test parser::sexpr::tests::single_token_int_hex ... ok
Dec 02 00:32:36.059 INFO [stdout] test parser::sexpr::tests::single_token_string ... ok
Dec 02 00:32:36.068 INFO [stdout] test parser::sexpr::tests::single_token_identifier ... ok
Dec 02 00:32:36.068 INFO [stderr]      Running /target/debug/deps/warti-77ca0a89abc84bdb
Dec 02 00:32:36.068 INFO [stdout] 
Dec 02 00:32:36.068 INFO [stdout] test result: ok. 150 passed; 0 failed; 0 ignored; 0 measured; 0 filtered out
Dec 02 00:32:36.068 INFO [stdout] 
Dec 02 00:32:36.070 INFO [stdout] 
Dec 02 00:32:36.070 INFO [stderr]      Running /target/debug/deps/wasmdump-e38c9bdf50ac4121
Dec 02 00:32:36.070 INFO [stdout] running 0 tests
Dec 02 00:32:36.070 INFO [stdout] 
Dec 02 00:32:36.070 INFO [stdout] test result: ok. 0 passed; 0 failed; 0 ignored; 0 measured; 0 filtered out
Dec 02 00:32:36.070 INFO [stdout] 
Dec 02 00:32:36.075 INFO [stdout] 
Dec 02 00:32:36.076 INFO [stderr]      Running /target/debug/deps/wasminit-bc2e78ae91e83c78
Dec 02 00:32:36.076 INFO [stdout] running 0 tests
Dec 02 00:32:36.076 INFO [stderr]      Running /target/debug/deps/wastparse-1c173300907ab7cd
Dec 02 00:32:36.076 INFO [stdout] 
Dec 02 00:32:36.076 INFO [stdout] test result: ok. 0 passed; 0 failed; 0 ignored; 0 measured; 0 filtered out
Dec 02 00:32:36.076 INFO [stdout] 
Dec 02 00:32:36.076 INFO [stdout] 
Dec 02 00:32:36.076 INFO [stdout] running 0 tests
Dec 02 00:32:36.076 INFO [stdout] 
Dec 02 00:32:36.076 INFO [stdout] test result: ok. 0 passed; 0 failed; 0 ignored; 0 measured; 0 filtered out
Dec 02 00:32:36.076 INFO [stdout] 
Dec 02 00:32:36.085 INFO [stdout] 
Dec 02 00:32:36.085 INFO [stderr]      Running /target/debug/deps/wastrun-624a642429ad88b9
Dec 02 00:32:36.085 INFO [stdout] running 0 tests
Dec 02 00:32:36.085 INFO [stdout] 
Dec 02 00:32:36.085 INFO [stdout] test result: ok. 0 passed; 0 failed; 0 ignored; 0 measured; 0 filtered out
Dec 02 00:32:36.085 INFO [stdout] 
Dec 02 00:32:36.091 INFO [stdout] 
Dec 02 00:32:36.091 INFO [stdout] running 0 tests
Dec 02 00:32:36.091 INFO [stdout] 
Dec 02 00:32:36.091 INFO [stdout] test result: ok. 0 passed; 0 failed; 0 ignored; 0 measured; 0 filtered out
Dec 02 00:32:36.091 INFO [stdout] 
Dec 02 00:32:36.091 INFO [stderr]      Running /target/debug/deps/spec_tests-8370b67d4140f262
Dec 02 00:32:36.099 INFO [stdout] 
Dec 02 00:32:36.099 INFO [stdout] running 5 tests
Dec 02 00:32:36.180 INFO [stdout] test spec_tests::comments ... FAILED
Dec 02 00:32:36.186 INFO [stdout] test spec_tests::i32 ... FAILED
Dec 02 00:32:36.186 INFO [stdout] test spec_tests::int_exprs ... FAILED
Dec 02 00:32:36.186 INFO [stdout] test spec_tests::names ... FAILED
Dec 02 00:32:36.186 INFO [stdout] test spec_tests::i64 ... FAILED
Dec 02 00:32:36.186 INFO [stdout] 
Dec 02 00:32:36.187 INFO [stdout] failures:
Dec 02 00:32:36.187 INFO [stdout] 
Dec 02 00:32:36.187 INFO [stdout] ---- spec_tests::comments stdout ----
Dec 02 00:32:36.187 INFO [stdout] thread 'spec_tests::comments' panicked at 'Could not find WebAssembly spec tests directory: '/source/vendor/webassembly/test/core'', tests/spec_tests.rs:35:9
Dec 02 00:32:36.187 INFO [stdout] stack backtrace:
Dec 02 00:32:36.187 INFO [stdout]    0:     0x56129fdf8e4f - std::sys::unix::backtrace::tracing::imp::unwind_backtrace::h3a8b83e1922cbdde
Dec 02 00:32:36.187 INFO [stdout]                                at libstd/sys/unix/backtrace/tracing/gcc_s.rs:49
Dec 02 00:32:36.187 INFO [stdout]    1:     0x56129fe01e97 - std::sys_common::backtrace::print::h00d3155a29b4020f
Dec 02 00:32:36.187 INFO [stdout]                                at libstd/sys_common/backtrace.rs:71
Dec 02 00:32:36.187 INFO [stdout]                                at libstd/sys_common/backtrace.rs:59
Dec 02 00:32:36.187 INFO [stdout]    2:     0x56129fdfcb7f - std::panicking::default_hook::{{closure}}::hd7465c742e79e1bb
Dec 02 00:32:36.187 INFO [stdout]                                at libstd/panicking.rs:211
Dec 02 00:32:36.187 INFO [stdout]    3:     0x56129fdfc87e - std::panicking::default_hook::h9e3966f2aa2a6e12
Dec 02 00:32:36.187 INFO [stdout]                                at libstd/panicking.rs:221
Dec 02 00:32:36.187 INFO [stdout]    4:     0x56129fdfd25e - std::panicking::rust_panic_with_hook::h587f091ae747d080
Dec 02 00:32:36.187 INFO [stdout]                                at libstd/panicking.rs:476
Dec 02 00:32:36.187 INFO [stdout]    5:     0x56129fdfce01 - std::panicking::continue_panic_fmt::hb3a4fdede87f43a8
Dec 02 00:32:36.187 INFO [stdout]                                at libstd/panicking.rs:390
Dec 02 00:32:36.187 INFO [stdout]    6:     0x56129fdfcd4e - std::panicking::begin_panic_fmt::h387afc7da9a10555
Dec 02 00:32:36.187 INFO [stdout]                                at libstd/panicking.rs:345
Dec 02 00:32:36.187 INFO [stdout]    7:     0x56129fd0ec98 - spec_tests::run_spec_test::hf6080c8757e54c53
Dec 02 00:32:36.187 INFO [stdout]                                at tests/spec_tests.rs:35
Dec 02 00:32:36.187 INFO [stdout]    8:     0x56129fd0d146 - spec_tests::spec_tests::comments::h9b47c3002a57481a
Dec 02 00:32:36.187 INFO [stdout]                                at tests/spec_tests.rs:13
Dec 02 00:32:36.187 INFO [stdout]    9:     0x56129fd0d119 - spec_tests::spec_tests::comments::{{closure}}::hafcb8281b1278b2b
Dec 02 00:32:36.187 INFO [stdout]                                at tests/spec_tests.rs:12
Dec 02 00:32:36.187 INFO [stdout]   10:     0x56129fd09c3d - core::ops::function::FnOnce::call_once::h080d99e1484b832b
Dec 02 00:32:36.187 INFO [stdout]                                at libcore/ops/function.rs:238
Dec 02 00:32:36.187 INFO [stdout]   11:     0x56129fd13dde - <F as alloc::boxed::FnBox<A>>::call_box::hac903f91577a156c
Dec 02 00:32:36.187 INFO [stdout]                                at libtest/lib.rs:1468
Dec 02 00:32:36.187 INFO [stdout]                                at libcore/ops/function.rs:238
Dec 02 00:32:36.187 INFO [stdout]                                at liballoc/boxed.rs:672
Dec 02 00:32:36.187 INFO [stdout]   12:     0x56129fe0ce49 - __rust_maybe_catch_panic
Dec 02 00:32:36.187 INFO [stdout]                                at libpanic_unwind/lib.rs:102
Dec 02 00:32:36.187 INFO [stdout]   13:     0x56129fd35a32 - std::sys_common::backtrace::__rust_begin_short_backtrace::hb8f0d0309526c184
Dec 02 00:32:36.187 INFO [stdout]                                at libstd/panicking.rs:289
Dec 02 00:32:36.187 INFO [stdout]                                at libstd/panic.rs:392
Dec 02 00:32:36.187 INFO [stdout]                                at libtest/lib.rs:1423
Dec 02 00:32:36.187 INFO [stdout]                                at libstd/sys_common/backtrace.rs:136
Dec 02 00:32:36.187 INFO [stdout]   14:     0x56129fd364e4 - std::panicking::try::do_call::hc2f7c8b9a348d8db
Dec 02 00:32:36.187 INFO [stdout]                                at libstd/thread/mod.rs:409
Dec 02 00:32:36.187 INFO [stdout]                                at libstd/panic.rs:313
Dec 02 00:32:36.187 INFO [stdout]                                at libstd/panicking.rs:310
Dec 02 00:32:36.187 INFO [stdout]   15:     0x56129fe0ce49 - __rust_maybe_catch_panic
Dec 02 00:32:36.187 INFO [stdout]                                at libpanic_unwind/lib.rs:102
Dec 02 00:32:36.187 INFO [stdout]   16:     0x56129fd2371c - <F as alloc::boxed::FnBox<A>>::call_box::h6bfded618e480b32
Dec 02 00:32:36.187 INFO [stdout]                                at libstd/panicking.rs:289
Dec 02 00:32:36.187 INFO [stdout]                                at libstd/panic.rs:392
Dec 02 00:32:36.187 INFO [stdout]                                at libstd/thread/mod.rs:408
Dec 02 00:32:36.187 INFO [stdout]                                at liballoc/boxed.rs:672
Dec 02 00:32:36.187 INFO [stdout]   17:     0x56129fdfaa6d - std::sys_common::thread::start_thread::h4c28257d67cdf9cb
Dec 02 00:32:36.187 INFO [stdout]                                at liballoc/boxed.rs:682
Dec 02 00:32:36.187 INFO [stdout]                                at libstd/sys_common/thread.rs:24
Dec 02 00:32:36.187 INFO [stdout]   18:     0x56129fdefe75 - std::sys::unix::thread::Thread::new::thread_start::hfecb2e7eff8fd34f
Dec 02 00:32:36.187 INFO [stdout]                                at libstd/sys/unix/thread.rs:90
Dec 02 00:32:36.187 INFO [stdout]   19:     0x7f076c5a06b9 - start_thread
Dec 02 00:32:36.187 INFO [stdout]   20:     0x7f076c0c041c - clone
Dec 02 00:32:36.187 INFO [stdout]   21:                0x0 - <unknown>
Dec 02 00:32:36.187 INFO [stdout] 
Dec 02 00:32:36.187 INFO [stdout] ---- spec_tests::i32 stdout ----
Dec 02 00:32:36.187 INFO [stdout] thread 'spec_tests::i32' panicked at 'Could not find WebAssembly spec tests directory: '/source/vendor/webassembly/test/core'', tests/spec_tests.rs:35:9
Dec 02 00:32:36.187 INFO [stdout] stack backtrace:
Dec 02 00:32:36.187 INFO [stdout]    0:     0x56129fdf8e4f - std::sys::unix::backtrace::tracing::imp::unwind_backtrace::h3a8b83e1922cbdde
Dec 02 00:32:36.187 INFO [stdout]                                at libstd/sys/unix/backtrace/tracing/gcc_s.rs:49
Dec 02 00:32:36.187 INFO [stdout]    1:     0x56129fe01e97 - std::sys_common::backtrace::print::h00d3155a29b4020f
Dec 02 00:32:36.187 INFO [stdout]                                at libstd/sys_common/backtrace.rs:71
Dec 02 00:32:36.187 INFO [stdout]                                at libstd/sys_common/backtrace.rs:59
Dec 02 00:32:36.187 INFO [stdout]    2:     0x56129fdfcb7f - std::panicking::default_hook::{{closure}}::hd7465c742e79e1bb
Dec 02 00:32:36.187 INFO [stdout]                                at libstd/panicking.rs:211
Dec 02 00:32:36.187 INFO [stdout]    3:     0x56129fdfc87e - std::panicking::default_hook::h9e3966f2aa2a6e12
Dec 02 00:32:36.187 INFO [stdout]                                at libstd/panicking.rs:221
Dec 02 00:32:36.187 INFO [stdout]    4:     0x56129fdfd25e - std::panicking::rust_panic_with_hook::h587f091ae747d080
Dec 02 00:32:36.187 INFO [stdout]                                at libstd/panicking.rs:476
Dec 02 00:32:36.187 INFO [stdout]    5:     0x56129fdfce01 - std::panicking::continue_panic_fmt::hb3a4fdede87f43a8
Dec 02 00:32:36.187 INFO [stdout]                                at libstd/panicking.rs:390
Dec 02 00:32:36.187 INFO [stdout]    6:     0x56129fdfcd4e - std::panicking::begin_panic_fmt::h387afc7da9a10555
Dec 02 00:32:36.187 INFO [stdout]                                at libstd/panicking.rs:345
Dec 02 00:32:36.187 INFO [stdout]    7:     0x56129fd0ec98 - spec_tests::run_spec_test::hf6080c8757e54c53
Dec 02 00:32:36.187 INFO [stdout]                                at tests/spec_tests.rs:35
Dec 02 00:32:36.187 INFO [stdout]    8:     0x56129fd0d046 - spec_tests::spec_tests::i32::h51aa57dd9878f1d0
Dec 02 00:32:36.187 INFO [stdout]                                at tests/spec_tests.rs:13
Dec 02 00:32:36.187 INFO [stdout]    9:     0x56129fd0d019 - spec_tests::spec_tests::i32::{{closure}}::h9cd5adea0600b4d5
Dec 02 00:32:36.187 INFO [stdout]                                at tests/spec_tests.rs:12
Dec 02 00:32:36.188 INFO [stdout]   10:     0x56129fd09cbd - core::ops::function::FnOnce::call_once::h2e1260ce0f44b390
Dec 02 00:32:36.188 INFO [stdout]                                at libcore/ops/function.rs:238
Dec 02 00:32:36.188 INFO [stdout]   11:     0x56129fd13dde - <F as alloc::boxed::FnBox<A>>::call_box::hac903f91577a156c
Dec 02 00:32:36.188 INFO [stdout]                                at libtest/lib.rs:1468
Dec 02 00:32:36.188 INFO [stdout]                                at libcore/ops/function.rs:238
Dec 02 00:32:36.188 INFO [stdout]                                at liballoc/boxed.rs:672
Dec 02 00:32:36.188 INFO [stdout]   12:     0x56129fe0ce49 - __rust_maybe_catch_panic
Dec 02 00:32:36.188 INFO [stdout]                                at libpanic_unwind/lib.rs:102
Dec 02 00:32:36.188 INFO [stdout]   13:     0x56129fd35a32 - std::sys_common::backtrace::__rust_begin_short_backtrace::hb8f0d0309526c184
Dec 02 00:32:36.188 INFO [stdout]                                at libstd/panicking.rs:289
Dec 02 00:32:36.188 INFO [stdout]                                at libstd/panic.rs:392
Dec 02 00:32:36.188 INFO [stdout]                                at libtest/lib.rs:1423
Dec 02 00:32:36.188 INFO [stdout]                                at libstd/sys_common/backtrace.rs:136
Dec 02 00:32:36.188 INFO [stdout]   14:     0x56129fd364e4 - std::panicking::try::do_call::hc2f7c8b9a348d8db
Dec 02 00:32:36.188 INFO [stdout]                                at libstd/thread/mod.rs:409
Dec 02 00:32:36.188 INFO [stdout]                                at libstd/panic.rs:313
Dec 02 00:32:36.188 INFO [stdout]                                at libstd/panicking.rs:310
Dec 02 00:32:36.188 INFO [stdout]   15:     0x56129fe0ce49 - __rust_maybe_catch_panic
Dec 02 00:32:36.188 INFO [stdout]                                at libpanic_unwind/lib.rs:102
Dec 02 00:32:36.188 INFO [stdout]   16:     0x56129fd2371c - <F as alloc::boxed::FnBox<A>>::call_box::h6bfded618e480b32
Dec 02 00:32:36.188 INFO [stdout]                                at libstd/panicking.rs:289
Dec 02 00:32:36.188 INFO [stdout]                                at libstd/panic.rs:392
Dec 02 00:32:36.188 INFO [stdout]                                at libstd/thread/mod.rs:408
Dec 02 00:32:36.188 INFO [stdout]                                at liballoc/boxed.rs:672
Dec 02 00:32:36.188 INFO [stdout]   17:     0x56129fdfaa6d - std::sys_common::thread::start_thread::h4c28257d67cdf9cb
Dec 02 00:32:36.188 INFO [stdout]                                at liballoc/boxed.rs:682
Dec 02 00:32:36.188 INFO [stdout]                                at libstd/sys_common/thread.rs:24
Dec 02 00:32:36.188 INFO [stdout]   18:     0x56129fdefe75 - std::sys::unix::thread::Thread::new::thread_start::hfecb2e7eff8fd34f
Dec 02 00:32:36.188 INFO [stdout]                                at libstd/sys/unix/thread.rs:90
Dec 02 00:32:36.188 INFO [stdout]   19:     0x7f076c5a06b9 - start_thread
Dec 02 00:32:36.188 INFO [stdout]   20:     0x7f076c0c041c - clone
Dec 02 00:32:36.188 INFO [stdout]   21:                0x0 - <unknown>
Dec 02 00:32:36.188 INFO [stdout] 
Dec 02 00:32:36.188 INFO [stdout] ---- spec_tests::int_exprs stdout ----
Dec 02 00:32:36.188 INFO [stdout] thread 'spec_tests::int_exprs' panicked at 'Could not find WebAssembly spec tests directory: '/source/vendor/webassembly/test/core'', tests/spec_tests.rs:35:9
Dec 02 00:32:36.188 INFO [stdout] stack backtrace:
Dec 02 00:32:36.188 INFO [stdout]    0:     0x56129fdf8e4f - std::sys::unix::backtrace::tracing::imp::unwind_backtrace::h3a8b83e1922cbdde
Dec 02 00:32:36.188 INFO [stdout]                                at libstd/sys/unix/backtrace/tracing/gcc_s.rs:49
Dec 02 00:32:36.188 INFO [stdout]    1:     0x56129fe01e97 - std::sys_common::backtrace::print::h00d3155a29b4020f
Dec 02 00:32:36.188 INFO [stdout]                                at libstd/sys_common/backtrace.rs:71
Dec 02 00:32:36.188 INFO [stdout]                                at libstd/sys_common/backtrace.rs:59
Dec 02 00:32:36.188 INFO [stdout]    2:     0x56129fdfcb7f - std::panicking::default_hook::{{closure}}::hd7465c742e79e1bb
Dec 02 00:32:36.188 INFO [stdout]                                at libstd/panicking.rs:211
Dec 02 00:32:36.188 INFO [stdout]    3:     0x56129fdfc87e - std::panicking::default_hook::h9e3966f2aa2a6e12
Dec 02 00:32:36.188 INFO [stdout]                                at libstd/panicking.rs:221
Dec 02 00:32:36.188 INFO [stdout]    4:     0x56129fdfd25e - std::panicking::rust_panic_with_hook::h587f091ae747d080
Dec 02 00:32:36.188 INFO [stdout]                                at libstd/panicking.rs:476
Dec 02 00:32:36.188 INFO [stdout]    5:     0x56129fdfce01 - std::panicking::continue_panic_fmt::hb3a4fdede87f43a8
Dec 02 00:32:36.188 INFO [stdout]                                at libstd/panicking.rs:390
Dec 02 00:32:36.188 INFO [stdout]    6:     0x56129fdfcd4e - std::panicking::begin_panic_fmt::h387afc7da9a10555
Dec 02 00:32:36.188 INFO [stdout]                                at libstd/panicking.rs:345
Dec 02 00:32:36.188 INFO [stdout]    7:     0x56129fd0ec98 - spec_tests::run_spec_test::hf6080c8757e54c53
Dec 02 00:32:36.188 INFO [stdout]                                at tests/spec_tests.rs:35
Dec 02 00:32:36.188 INFO [stdout]    8:     0x56129fd0d0c6 - spec_tests::spec_tests::int_exprs::h2af874f8019da9d4
Dec 02 00:32:36.188 INFO [stdout]                                at tests/spec_tests.rs:13
Dec 02 00:32:36.188 INFO [stdout]    9:     0x56129fd0d099 - spec_tests::spec_tests::int_exprs::{{closure}}::h0b3768d3a7ffa90a
Dec 02 00:32:36.188 INFO [stdout]                                at tests/spec_tests.rs:12
Dec 02 00:32:36.188 INFO [stdout]   10:     0x56129fd09d7d - core::ops::function::FnOnce::call_once::he2dce61cb5462abe
Dec 02 00:32:36.188 INFO [stdout]                                at libcore/ops/function.rs:238
Dec 02 00:32:36.188 INFO [stdout]   11:     0x56129fd13dde - <F as alloc::boxed::FnBox<A>>::call_box::hac903f91577a156c
Dec 02 00:32:36.188 INFO [stdout]                                at libtest/lib.rs:1468
Dec 02 00:32:36.188 INFO [stdout]                                at libcore/ops/function.rs:238
Dec 02 00:32:36.188 INFO [stdout]                                at liballoc/boxed.rs:672
Dec 02 00:32:36.188 INFO [stdout]   12:     0x56129fe0ce49 - __rust_maybe_catch_panic
Dec 02 00:32:36.188 INFO [stdout]                                at libpanic_unwind/lib.rs:102
Dec 02 00:32:36.188 INFO [stdout]   13:     0x56129fd35a32 - std::sys_common::backtrace::__rust_begin_short_backtrace::hb8f0d0309526c184
Dec 02 00:32:36.188 INFO [stdout]                                at libstd/panicking.rs:289
Dec 02 00:32:36.188 INFO [stdout]                                at libstd/panic.rs:392
Dec 02 00:32:36.188 INFO [stdout]                                at libtest/lib.rs:1423
Dec 02 00:32:36.188 INFO [stdout]                                at libstd/sys_common/backtrace.rs:136
Dec 02 00:32:36.188 INFO [stdout]   14:     0x56129fd364e4 - std::panicking::try::do_call::hc2f7c8b9a348d8db
Dec 02 00:32:36.188 INFO [stdout]                                at libstd/thread/mod.rs:409
Dec 02 00:32:36.188 INFO [stdout]                                at libstd/panic.rs:313
Dec 02 00:32:36.188 INFO [stdout]                                at libstd/panicking.rs:310
Dec 02 00:32:36.188 INFO [stdout]   15:     0x56129fe0ce49 - __rust_maybe_catch_panic
Dec 02 00:32:36.188 INFO [stdout]                                at libpanic_unwind/lib.rs:102
Dec 02 00:32:36.188 INFO [stdout]   16:     0x56129fd2371c - <F as alloc::boxed::FnBox<A>>::call_box::h6bfded618e480b32
Dec 02 00:32:36.188 INFO [stdout]                                at libstd/panicking.rs:289
Dec 02 00:32:36.188 INFO [stdout]                                at libstd/panic.rs:392
Dec 02 00:32:36.188 INFO [stdout]                                at libstd/thread/mod.rs:408
Dec 02 00:32:36.188 INFO [stdout]                                at liballoc/boxed.rs:672
Dec 02 00:32:36.188 INFO [stdout]   17:     0x56129fdfaa6d - std::sys_common::thread::start_thread::h4c28257d67cdf9cb
Dec 02 00:32:36.188 INFO [stdout]                                at liballoc/boxed.rs:682
Dec 02 00:32:36.188 INFO [stdout]                                at libstd/sys_common/thread.rs:24
Dec 02 00:32:36.188 INFO [stdout]   18:     0x56129fdefe75 - std::sys::unix::thread::Thread::new::thread_start::hfecb2e7eff8fd34f
Dec 02 00:32:36.188 INFO [stdout]                                at libstd/sys/unix/thread.rs:90
Dec 02 00:32:36.188 INFO [stdout]   19:     0x7f076c5a06b9 - start_thread
Dec 02 00:32:36.189 INFO [stdout]   20:     0x7f076c0c041c - clone
Dec 02 00:32:36.189 INFO [stdout]   21:                0x0 - <unknown>
Dec 02 00:32:36.189 INFO [stdout] 
Dec 02 00:32:36.189 INFO [stdout] ---- spec_tests::names stdout ----
Dec 02 00:32:36.189 INFO [stdout] thread 'spec_tests::names' panicked at 'Could not find WebAssembly spec tests directory: '/source/vendor/webassembly/test/core'', tests/spec_tests.rs:35:9
Dec 02 00:32:36.189 INFO [stdout] stack backtrace:
Dec 02 00:32:36.189 INFO [stdout]    0:     0x56129fdf8e4f - std::sys::unix::backtrace::tracing::imp::unwind_backtrace::h3a8b83e1922cbdde
Dec 02 00:32:36.189 INFO [stdout]                                at libstd/sys/unix/backtrace/tracing/gcc_s.rs:49
Dec 02 00:32:36.189 INFO [stdout]    1:     0x56129fe01e97 - std::sys_common::backtrace::print::h00d3155a29b4020f
Dec 02 00:32:36.189 INFO [stdout]                                at libstd/sys_common/backtrace.rs:71
Dec 02 00:32:36.189 INFO [stdout]                                at libstd/sys_common/backtrace.rs:59
Dec 02 00:32:36.189 INFO [stdout]    2:     0x56129fdfcb7f - std::panicking::default_hook::{{closure}}::hd7465c742e79e1bb
Dec 02 00:32:36.189 INFO [stdout]                                at libstd/panicking.rs:211
Dec 02 00:32:36.189 INFO [stdout]    3:     0x56129fdfc87e - std::panicking::default_hook::h9e3966f2aa2a6e12
Dec 02 00:32:36.189 INFO [stdout]                                at libstd/panicking.rs:221
Dec 02 00:32:36.189 INFO [stdout]    4:     0x56129fdfd25e - std::panicking::rust_panic_with_hook::h587f091ae747d080
Dec 02 00:32:36.189 INFO [stdout]                                at libstd/panicking.rs:476
Dec 02 00:32:36.189 INFO [stdout]    5:     0x56129fdfce01 - std::panicking::continue_panic_fmt::hb3a4fdede87f43a8
Dec 02 00:32:36.189 INFO [stdout]                                at libstd/panicking.rs:390
Dec 02 00:32:36.189 INFO [stdout]    6:     0x56129fdfcd4e - std::panicking::begin_panic_fmt::h387afc7da9a10555
Dec 02 00:32:36.189 INFO [stdout]                                at libstd/panicking.rs:345
Dec 02 00:32:36.189 INFO [stdout]    7:     0x56129fd0ec98 - spec_tests::run_spec_test::hf6080c8757e54c53
Dec 02 00:32:36.189 INFO [stdout]                                at tests/spec_tests.rs:35
Dec 02 00:32:36.189 INFO [stdout]    8:     0x56129fd0d106 - spec_tests::spec_tests::names::h0e87c1604a579cd1
Dec 02 00:32:36.189 INFO [stdout]                                at tests/spec_tests.rs:13
Dec 02 00:32:36.189 INFO [stdout]    9:     0x56129fd0d0d9 - spec_tests::spec_tests::names::{{closure}}::hcdd125c1ab3cfdab
Dec 02 00:32:36.189 INFO [stdout]                                at tests/spec_tests.rs:12
Dec 02 00:32:36.189 INFO [stdout]   10:     0x56129fd09c7d - core::ops::function::FnOnce::call_once::h296f98c9b41ffcce
Dec 02 00:32:36.189 INFO [stdout]                                at libcore/ops/function.rs:238
Dec 02 00:32:36.189 INFO [stdout]   11:     0x56129fd13dde - <F as alloc::boxed::FnBox<A>>::call_box::hac903f91577a156c
Dec 02 00:32:36.189 INFO [stdout]                                at libtest/lib.rs:1468
Dec 02 00:32:36.189 INFO [stdout]                                at libcore/ops/function.rs:238
Dec 02 00:32:36.189 INFO [stdout]                                at liballoc/boxed.rs:672
Dec 02 00:32:36.189 INFO [stdout]   12:     0x56129fe0ce49 - __rust_maybe_catch_panic
Dec 02 00:32:36.189 INFO [stdout]                                at libpanic_unwind/lib.rs:102
Dec 02 00:32:36.189 INFO [stdout]   13:     0x56129fd35a32 - std::sys_common::backtrace::__rust_begin_short_backtrace::hb8f0d0309526c184
Dec 02 00:32:36.189 INFO [stdout]                                at libstd/panicking.rs:289
Dec 02 00:32:36.189 INFO [stdout]                                at libstd/panic.rs:392
Dec 02 00:32:36.189 INFO [stdout]                                at libtest/lib.rs:1423
Dec 02 00:32:36.189 INFO [stdout]                                at libstd/sys_common/backtrace.rs:136
Dec 02 00:32:36.189 INFO [stdout]   14:     0x56129fd364e4 - std::panicking::try::do_call::hc2f7c8b9a348d8db
Dec 02 00:32:36.189 INFO [stdout]                                at libstd/thread/mod.rs:409
Dec 02 00:32:36.189 INFO [stdout]                                at libstd/panic.rs:313
Dec 02 00:32:36.189 INFO [stdout]                                at libstd/panicking.rs:310
Dec 02 00:32:36.189 INFO [stdout]   15:     0x56129fe0ce49 - __rust_maybe_catch_panic
Dec 02 00:32:36.189 INFO [stdout]                                at libpanic_unwind/lib.rs:102
Dec 02 00:32:36.189 INFO [stdout]   16:     0x56129fd2371c - <F as alloc::boxed::FnBox<A>>::call_box::h6bfded618e480b32
Dec 02 00:32:36.189 INFO [stdout]                                at libstd/panicking.rs:289
Dec 02 00:32:36.189 INFO [stdout]                                at libstd/panic.rs:392
Dec 02 00:32:36.189 INFO [stdout]                                at libstd/thread/mod.rs:408
Dec 02 00:32:36.189 INFO [stdout]                                at liballoc/boxed.rs:672
Dec 02 00:32:36.189 INFO [stdout]   17:     0x56129fdfaa6d - std::sys_common::thread::start_thread::h4c28257d67cdf9cb
Dec 02 00:32:36.189 INFO [stdout]                                at liballoc/boxed.rs:682
Dec 02 00:32:36.189 INFO [stdout]                                at libstd/sys_common/thread.rs:24
Dec 02 00:32:36.189 INFO [stdout]   18:     0x56129fdefe75 - std::sys::unix::thread::Thread::new::thread_start::hfecb2e7eff8fd34f
Dec 02 00:32:36.189 INFO [stdout]                                at libstd/sys/unix/thread.rs:90
Dec 02 00:32:36.189 INFO [stdout]   19:     0x7f076c5a06b9 - start_thread
Dec 02 00:32:36.189 INFO [stdout]   20:     0x7f076c0c041c - clone
Dec 02 00:32:36.189 INFO [stdout]   21:                0x0 - <unknown>
Dec 02 00:32:36.189 INFO [stdout] 
Dec 02 00:32:36.189 INFO [stdout] ---- spec_tests::i64 stdout ----
Dec 02 00:32:36.189 INFO [stdout] thread 'spec_tests::i64' panicked at 'Could not find WebAssembly spec tests directory: '/source/vendor/webassembly/test/core'', tests/spec_tests.rs:35:9
Dec 02 00:32:36.189 INFO [stdout] stack backtrace:
Dec 02 00:32:36.189 INFO [stdout]    0:     0x56129fdf8e4f - std::sys::unix::backtrace::tracing::imp::unwind_backtrace::h3a8b83e1922cbdde
Dec 02 00:32:36.189 INFO [stdout]                                at libstd/sys/unix/backtrace/tracing/gcc_s.rs:49
Dec 02 00:32:36.189 INFO [stdout]    1:     0x56129fe01e97 - std::sys_common::backtrace::print::h00d3155a29b4020f
Dec 02 00:32:36.189 INFO [stdout]                                at libstd/sys_common/backtrace.rs:71
Dec 02 00:32:36.189 INFO [stdout]                                at libstd/sys_common/backtrace.rs:59
Dec 02 00:32:36.189 INFO [stdout]    2:     0x56129fdfcb7f - std::panicking::default_hook::{{closure}}::hd7465c742e79e1bb
Dec 02 00:32:36.189 INFO [stdout]                                at libstd/panicking.rs:211
Dec 02 00:32:36.189 INFO [stdout]    3:     0x56129fdfc87e - std::panicking::default_hook::h9e3966f2aa2a6e12
Dec 02 00:32:36.189 INFO [stdout]                                at libstd/panicking.rs:221
Dec 02 00:32:36.189 INFO [stdout]    4:     0x56129fdfd25e - std::panicking::rust_panic_with_hook::h587f091ae747d080
Dec 02 00:32:36.189 INFO [stdout]                                at libstd/panicking.rs:476
Dec 02 00:32:36.189 INFO [stdout]    5:     0x56129fdfce01 - std::panicking::continue_panic_fmt::hb3a4fdede87f43a8
Dec 02 00:32:36.189 INFO [stdout]                                at libstd/panicking.rs:390
Dec 02 00:32:36.189 INFO [stdout]    6:     0x56129fdfcd4e - std::panicking::begin_panic_fmt::h387afc7da9a10555
Dec 02 00:32:36.189 INFO [stdout]                                at libstd/panicking.rs:345
Dec 02 00:32:36.189 INFO [stdout]    7:     0x56129fd0ec98 - spec_tests::run_spec_test::hf6080c8757e54c53
Dec 02 00:32:36.189 INFO [stdout]                                at tests/spec_tests.rs:35
Dec 02 00:32:36.189 INFO [stdout]    8:     0x56129fd0d086 - spec_tests::spec_tests::i64::hb207eb1b53214d76
Dec 02 00:32:36.189 INFO [stdout]                                at tests/spec_tests.rs:13
Dec 02 00:32:36.189 INFO [stdout]    9:     0x56129fd0d059 - spec_tests::spec_tests::i64::{{closure}}::h323788dea48f4a84
Dec 02 00:32:36.189 INFO [stdout]                                at tests/spec_tests.rs:12
Dec 02 00:32:36.189 INFO [stdout]   10:     0x56129fd09d3d - core::ops::function::FnOnce::call_once::h57b82c5da84c19ba
Dec 02 00:32:36.189 INFO [stdout]                                at libcore/ops/function.rs:238
Dec 02 00:32:36.190 INFO [stdout]   11:     0x56129fd13dde - <F as alloc::boxed::FnBox<A>>::call_box::hac903f91577a156c
Dec 02 00:32:36.190 INFO [stdout]                                at libtest/lib.rs:1468
Dec 02 00:32:36.190 INFO [stdout]                                at libcore/ops/function.rs:238
Dec 02 00:32:36.190 INFO [stdout]                                at liballoc/boxed.rs:672
Dec 02 00:32:36.190 INFO [stdout]   12:     0x56129fe0ce49 - __rust_maybe_catch_panic
Dec 02 00:32:36.190 INFO [stdout]                                at libpanic_unwind/lib.rs:102
Dec 02 00:32:36.190 INFO [stdout]   13:     0x56129fd35a32 - std::sys_common::backtrace::__rust_begin_short_backtrace::hb8f0d0309526c184
Dec 02 00:32:36.190 INFO [stdout]                                at libstd/panicking.rs:289
Dec 02 00:32:36.190 INFO [stdout]                                at libstd/panic.rs:392
Dec 02 00:32:36.190 INFO [stdout]                                at libtest/lib.rs:1423
Dec 02 00:32:36.190 INFO [stdout]                                at libstd/sys_common/backtrace.rs:136
Dec 02 00:32:36.190 INFO [stdout]   14:     0x56129fd364e4 - std::panicking::try::do_call::hc2f7c8b9a348d8db
Dec 02 00:32:36.190 INFO [stdout]                                at libstd/thread/mod.rs:409
Dec 02 00:32:36.190 INFO [stdout]                                at libstd/panic.rs:313
Dec 02 00:32:36.190 INFO [stdout]                                at libstd/panicking.rs:310
Dec 02 00:32:36.190 INFO [stdout]   15:     0x56129fe0ce49 - __rust_maybe_catch_panic
Dec 02 00:32:36.190 INFO [stdout]                                at libpanic_unwind/lib.rs:102
Dec 02 00:32:36.190 INFO [stdout]   16:     0x56129fd2371c - <F as alloc::boxed::FnBox<A>>::call_box::h6bfded618e480b32
Dec 02 00:32:36.190 INFO [stdout]                                at libstd/panicking.rs:289
Dec 02 00:32:36.190 INFO [stdout]                                at libstd/panic.rs:392
Dec 02 00:32:36.190 INFO [stdout]                                at libstd/thread/mod.rs:408
Dec 02 00:32:36.190 INFO [stdout]                                at liballoc/boxed.rs:672
Dec 02 00:32:36.190 INFO [stdout]   17:     0x56129fdfaa6d - std::sys_common::thread::start_thread::h4c28257d67cdf9cb
Dec 02 00:32:36.190 INFO [stdout]                                at liballoc/boxed.rs:682
Dec 02 00:32:36.190 INFO [stdout]                                at libstd/sys_common/thread.rs:24
Dec 02 00:32:36.190 INFO [stdout]   18:     0x56129fdefe75 - std::sys::unix::thread::Thread::new::thread_start::hfecb2e7eff8fd34f
Dec 02 00:32:36.190 INFO [stdout]                                at libstd/sys/unix/thread.rs:90
Dec 02 00:32:36.190 INFO [stdout]   19:     0x7f076c5a06b9 - start_thread
Dec 02 00:32:36.190 INFO [stdout]   20:     0x7f076c0c041c - clone
Dec 02 00:32:36.190 INFO [stdout]   21:                0x0 - <unknown>
Dec 02 00:32:36.190 INFO [stdout] 
Dec 02 00:32:36.190 INFO [stdout] 
Dec 02 00:32:36.190 INFO [stdout] failures:
Dec 02 00:32:36.190 INFO [stdout]     spec_tests::comments
Dec 02 00:32:36.190 INFO [stdout]     spec_tests::i32
Dec 02 00:32:36.190 INFO [stdout]     spec_tests::i64
Dec 02 00:32:36.190 INFO [stdout]     spec_tests::int_exprs
Dec 02 00:32:36.190 INFO [stdout]     spec_tests::names
Dec 02 00:32:36.190 INFO [stdout] 
Dec 02 00:32:36.190 INFO [stdout] test result: FAILED. 0 passed; 5 failed; 0 ignored; 0 measured; 0 filtered out
Dec 02 00:32:36.190 INFO [stdout] 
Dec 02 00:32:36.191 INFO [stderr] error: test failed, to rerun pass '--test spec_tests'
Dec 02 00:32:36.192 INFO [stderr] su: No module specific data is present
Dec 02 00:32:36.669 INFO running `"docker" "inspect" "54f9073752750c8d531c1d37c96b5ffe1318961f98d005029916f81181756773"`
Dec 02 00:32:36.900 INFO running `"docker" "rm" "-f" "54f9073752750c8d531c1d37c96b5ffe1318961f98d005029916f81181756773"`
Dec 02 00:32:37.151 INFO [stdout] 54f9073752750c8d531c1d37c96b5ffe1318961f98d005029916f81181756773
